base 2) to base 10.
3
201 (base 4) to base 3
1020
Convert -30 (base 11) to base 7.
-45
Convert 7 (base 16) to base 14.
7
-634 (base 8) to base 12
-2a4
Convert 0 (base 12) to base 2.
0
121 (base 3) to base 8
20
Convert 45 (base 14) to base 16.
3d
Convert 1 (base 10) to base 15.
1
-12 (base 4) to base 3
-20
4 (base 8) to base 9
4
-4 (base 12) to base 2
-100
What is 4 (base 15) in base 5?
4
What is -17 (base 10) in base 6?
-25
Convert -57 (base 8) to base 2.
-101111
What is 2 (base 16) in base 14?
2
Convert 14 (base 7) to base 11.
10
What is 10 (base 4) in base 8?
4
Convert -4 (base 8) to base 15.
-4
Convert 1012 (base 5) to base 6.
340
27 (base 15) to base 5
122
What is -a (base 11) in base 4?
-22
-2 (base 4) to base 12
-2
What is 35 (base 8) in base 5?
104
-103 (base 10) to base 7
-205
25 (base 14) to base 2
100001
31 (base 4) to base 2
1101
What is 40 (base 13) in base 9?
57
Convert 2 (base 4) to base 11.
2
Convert -21 (base 5) to base 2.
-1011
Convert -11 (base 5) to base 8.
-6
Convert -61 (base 14) to base 4.
-1111
Convert 2 (base 14) to base 3.
2
-3 (base 15) to base 12
-3
What is 113 (base 16) in base 13?
182
What is 5 (base 7) in base 5?
10
-10 (base 7) to base 8
-7
-13 (base 15) to base 5
-33
-a (base 14) to base 3
-101
-1 (base 5) to base 6
-1
Convert 4b (base 14) to base 10.
67
What is 2000 (base 3) in base 15?
39
-2 (base 16) to base 7
-2
0 (base 12) to base 15
0
Convert 2 (base 8) to base 13.
2
1 (base 8) to base 13
1
Convert 1 (base 13) to base 7.
1
-211 (base 5) to base 3
-2002
Convert -2 (base 16) to base 8.
-2
Convert -31 (base 9) to base 13.
-22
Convert -24 (base 5) to base 10.
-14
Convert -1 (base 3) to base 9.
-1
101221 (base 3) to base 6
1211
What is -10 (base 10) in base 16?
-a
-131 (base 8) to base 6
-225
What is 1 (base 15) in base 9?
1
Convert 1 (base 4) to base 15.
1
-2 (base 3) to base 12
-2
What is -1 (base 15) in base 2?
-1
What is -155 (base 13) in base 2?
-11101111
-21 (base 3) to base 5
-12
0 (base 9) to base 3
0
21 (base 7) to base 8
17
What is -4 (base 16) in base 6?
-4
1 (base 11) to base 2
1
Convert 31 (base 8) to base 5.
100
6 (base 14) to base 7
6
What is -a3 (base 11) in base 6?
-305
What is -231 (base 6) in base 8?
-133
Convert 1 (base 6) to base 14.
1
What is 1 (base 2) in base 4?
1
-10 (base 11) to base 4
-23
Convert 9 (base 13) to base 10.
9
What is 128 (base 11) in base 5?
1101
Convert 14 (base 12) to base 4.
100
4a (base 11) to base 2
110110
What is -3022 (base 4) in base 3?
-21111
Convert 61 (base 15) to base 10.
91
-2 (base 3) to base 15
-2
4 (base 15) to base 9
4
Convert -4 (base 5) to base 14.
-4
Convert -1010 (base 2) to base 3.
-101
What is -10 (base 7) in base 16?
-7
57 (base 8) to base 14
35
-5 (base 14) to base 6
-5
What is -2e (base 15) in base 13?
-35
Convert 1 (base 16) to base 2.
1
a (base 12) to base 4
22
What is -15 (base 16) in base 12?
-19
-37 (base 11) to base 10
-40
-8a (base 14) to base 7
-233
Convert 1001110 (base 2) to base 4.
1032
-1000 (base 2) to base 13
-8
What is -3 (base 9) in base 3?
-10
34 (base 6) to base 7
31
Convert 6a (base 13) to base 15.
5d
Convert -4 (base 14) to base 2.
-100
Convert 1b (base 13) to base 11.
22
Convert -133 (base 6) to base 4.
-321
What is 28 (base 10) in base 8?
34
-1 (base 6) to base 2
-1
21 (base 10) to base 3
210
Convert 151 (base 6) to base 15.
47
What is -3 (base 11) in base 10?
-3
What is 20 (base 3) in base 11?
6
-20 (base 12) to base 6
-40
What is -35 (base 7) in base 14?
-1c
What is 3 (base 12) in base 8?
3
What is 7 (base 10) in base 14?
7
Convert -5 (base 13) to base 6.
-5
Convert -2202 (base 5) to base 3.
-102012
-30 (base 14) to base 2
-101010
18 (base 13) to base 8
25
What is 10 (base 16) in base 5?
31
Convert 3 (base 15) to base 16.
3
What is 3 (base 6) in base 3?
10
101 (base 2) to base 9
5
Convert 1123 (base 4) to base 14.
67
-d (base 14) to base 15
-d
-3 (base 15) to base 8
-3
-111 (base 8) to base 5
-243
What is -22 (base 7) in base 6?
-24
Convert -7 (base 8) to base 7.
-10
What is a (base 14) in base 16?
a
Convert -12 (base 6) to base 13.
-8
Convert -2 (base 6) to base 16.
-2
0 (base 6) to base 4
0
-1 (base 14) to base 2
-1
12 (base 14) to base 16
10
What is -110 (base 2) in base 6?
-10
What is 3 (base 5) in base 11?
3
-24 (base 14) to base 13
-26
Convert -a (base 11) to base 15.
-a
Convert 1 (base 3) to base 10.
1
What is -7 (base 9) in base 4?
-13
Convert -15 (base 16) to base 10.
-21
Convert -122 (base 6) to base 4.
-302
Convert 14 (base 9) to base 16.
d
-4 (base 10) to base 3
-11
What is -10 (base 7) in base 13?
-7
-3 (base 15) to base 5
-3
What is -10 (base 3) in base 9?
-3
What is 101 (base 6) in base 9?
41
Convert 1010 (base 3) to base 11.
28
1 (base 6) to base 8
1
-1c (base 14) to base 9
-28
-1 (base 9) to base 3
-1
-17 (base 9) to base 5
-31
Convert 100 (base 3) to base 10.
9
What is -4 (base 5) in base 6?
-4
What is 3 (base 12) in base 2?
11
9 (base 12) to base 13
9
Convert -4 (base 14) to base 4.
-10
Convert -1a (base 14) to base 7.
-33
-110 (base 2) to base 10
-6
What is -3 (base 15) in base 5?
-3
Convert 102001 (base 3) to base 6.
1214
130 (base 4) to base 14
20
Convert b5 (base 13) to base 8.
224
What is 180 (base 9) in base 5?
1103
Convert 11b (base 14) to base 6.
1005
Convert 111 (base 2) to base 9.
7
-10 (base 2) to base 14
-2
Convert -6 (base 15) to base 11.
-6
Convert 2 (base 13) to base 2.
10
What is -14 (base 7) in base 2?
-1011
What is d4 (base 14) in base 2?
10111010
2 (base 8) to base 6
2
Convert 3 (base 11) to base 3.
10
-10 (base 4) to base 6
-4
Convert -1000 (base 2) to base 13.
-8
-20 (base 3) to base 8
-6
What is -10011 (base 2) in base 10?
-19
What is -279 (base 11) in base 2?
-101001000
Convert -132 (base 11) to base 3.
-12210
23 (base 9) to base 15
16
What is -20 (base 9) in base 7?
-24
What is -2 (base 10) in base 7?
-2
Convert 0 (base 4) to base 14.
0
Convert -121 (base 3) to base 8.
-20
What is 7 (base 16) in base 12?
7
-2 (base 11) to base 8
-2
Convert 2a (base 15) to base 4.
220
Convert 10200 (base 4) to base 3.
101200
Convert -3 (base 5) to base 7.
-3
Convert 22 (base 6) to base 14.
10
What is 0 (base 4) in base 6?
0
-27 (base 14) to base 3
-1022
Convert 20 (base 15) to base 4.
132
What is -64 (base 10) in base 9?
-71
What is -16a (base 12) in base 7?
-442
1b (base 14) to base 4
121
Convert 20 (base 9) to base 5.
33
What is -10 (base 3) in base 2?
-11
-28 (base 12) to base 14
-24
-8 (base 15) to base 8
-10
What is 4 (base 7) in base 14?
4
-320 (base 5) to base 13
-67
Convert -110 (base 3) to base 11.
-11
2 (base 11) to base 13
2
What is -43 (base 11) in base 2?
-101111
What is 5 (base 14) in base 6?
5
What is 1 (base 14) in base 11?
1
Convert -3 (base 16) to base 15.
-3
-364 (base 7) to base 8
-301
Convert 65 (base 14) to base 2.
1011001
What is -e (base 15) in base 14?
-10
What is -5 (base 10) in base 9?
-5
What is -54 (base 9) in base 15?
-34
Convert -3 (base 14) to base 6.
-3
What is 1011 (base 3) in base 15?
21
What is -b (base 14) in base 10?
-11
What is 1340 (base 5) in base 16?
dc
Convert 7 (base 15) to base 6.
11
What is -205 (base 6) in base 2?
-1001101
Convert -13 (base 4) to base 13.
-7
What is 0 (base 11) in base 10?
0
Convert 47 (base 11) to base 12.
43
What is 6 (base 10) in base 11?
6
What is 50 (base 16) in base 8?
120
What is -2220 (base 3) in base 8?
-116
What is 21 (base 3) in base 7?
10
Convert 32 (base 10) to base 3.
1012
What is -5 (base 11) in base 15?
-5
Convert 2 (base 5) to base 7.
2
-103 (base 9) to base 10
-84
What is -2 (base 10) in base 7?
-2
What is -37 (base 8) in base 2?
-11111
Convert 10 (base 7) to base 14.
7
Convert 51 (base 6) to base 13.
25
Convert 2 (base 4) to base 14.
2
What is -4 (base 11) in base 13?
-4
23 (base 7) to base 8
21
Convert -1 (base 5) to base 6.
-1
What is -275 (base 10) in base 5?
-2100
-1 (base 7) to base 3
-1
11 (base 7) to base 13
8
16 (base 8) to base 12
12
0 (base 13) to base 9
0
What is -20 (base 13) in base 9?
-28
26 (base 9) to base 7
33
Convert 47 (base 15) to base 3.
2111
What is -2 (base 5) in base 9?
-2
Convert 212 (base 6) to base 3.
2222
-142 (base 6) to base 3
-2022
11111 (base 2) to base 14
23
Convert -29 (base 14) to base 6.
-101
18 (base 16) to base 15
19
-1 (base 7) to base 5
-1
-2 (base 15) to base 16
-2
Conver